88. Calculate u(-9).
-179
Let x(l) = 5*l**3 - 22*l**2 - 19*l + 75. What is x(5)?
55
Let z(t) = 46835*t + 187331. Determine z(-4).
-9
Let r(t) = -548*t - 16998. What is r(-31)?
-10
Let w(j) = 2*j**3 + 227*j**2 + 1191*j + 400. Give w(-108).
76
Let c(l) = 2*l**2 + 4696*l + 2391894. Calculate c(-747).
0
Let u(g) = -343047*g + 1372206. Give u(4).
18
Let t(n) = -288166*n + 7492325. Calculate t(26).
9
Let j(y) = -y**2 + 61*y + 452. Calculate j(-6).
50
Let g(b) = 2*b**3 - 2148*b**2 + 12741*b + 80100. Determine g(1068).
0
Let h(n) = 16*n + 1039. Calculate h(-10).
879
Let n(w) = -7175*w - 2439493. What is n(-340)?
7
Let z(r) = -r**3 - 42*r**2 - 302*r - 139. Calculate z(-10).
-319
Let j(q) = -258*q**3 + 6*q**2 + 12*q - 48. What is j(2)?
-2064
Let g(a) = -2080*a - 7328. Determine g(-4).
992
Let t(d) = 2*d**3 + 1501*d**2 + 6640*d - 55209. Give t(-746).
-5
Let c(k) = 145*k - 25435. Determine c(176).
85
Let f(x) = -157*x - 13306. Calculate f(-88).
510
Let q(i) = -6294*i + 3021093. Calculate q(480).
-27
Let t(d) = 71*d**2 - 1010*d - 93. Determine t(14).
-317
Let m(j) = 66*j**2 + 8186*j + 146. Calculate m(-124).
-102
Let t(g) = 26*g**2 + 6*g + 213. Determine t(0).
213
Let k(h) = 20*h**2 - 7316*h - 1449. Determine k(366).
15
Let u(x) = -x**2 + 126218*x + 6439677. Calculate u(-51).
-42
Let m(u) = -u**2 - 526*u - 64826. Give m(-197).
-13
Let t(h) = 11795*h - 2512280. Calculate t(213).
55
Let b(f) = 8431*f + 33732. What is b(-4)?
8
Let u(x) = -18*x**2 - 203*x - 296. What is u(-9)?
73
Let u(m) = -2191*m + 1989431. Determine u(908).
3
Let t(w) = -778*w**2 + 5446*w - 56. What is t(7)?
-56
Let s(x) = x**3 - 33*x**2 + 4192*x - 149176. What is s(35)?
-6
Let y(b) = 448*b**2 + 43895*b - 884. Determine y(-98).
-2
Let o(v) = -2*v**3 - 19*v**2 - 6*v + 106. Calculate o(-9).
79
Let k(x) = -6*x**3 + 3*x**2 + 3106*x - 15504. What is k(5)?
-649
Let k(v) = v**3 - 228*v**2 + 8900*v + 101. What is k(50)?
101
Let g(s) = 24*s**2 + 1916*s + 1639. Calculate g(-79).
59
Let b(a) = -a**3 + 74*a**2 - 427*a - 1659. Calculate b(67).
1155
Let y(a) = -3*a**2 - 10316*a + 364729. Calculate y(35).
-6
Let p(y) = -1185*y + 718. Determine p(1).
-467
Let w(o) = -33906*o + 1254485. Determine w(37).
-37
Let x(q) = -21*q - 1269. Give x(-31).
-618
Let y(c) = -386*c + 1220. Give y(6).
-1096
Let f(n) = 6*n**3 + 18*n**2 + 61*n - 180. Calculate f(2).
62
Let n(m) = 19*m**2 - 63*m - 325. Give n(-6).
737
Let t(j) = -j**2 - 81086*j + 973173. Determine t(12).
-3
Let z(i) = 43668*i - 436773. Calculate z(10).
-93
Let h(f) = -22*f**2 - 1259*f - 19168. Determine h(-15).
-5233
Let w(f) = -8*f**3 + 1906*f**2 - 2383*f + 3081. Determine w(237).
0
Let f(t) = -2216*t - 10949. Give f(-5).
131
Let k(x) = 8*x**2 - 407*x + 4396. What is k(12)?
664
Let y(k) = k**3 - 20*k**2 + 136*k - 258. What is y(10)?
102
Let v(i) = 40*i**2 + 128*i + 2. Calculate v(-5).
362
Let j(a) = a**3 + 16*a**2 - 890*a - 160. Calculate j(23).
1
Let x(n) = -466*n + 9200. What is x(20)?
-120
Let b(h) = -h**3 + 202*h**2 - 602*h + 1266. Give b(199).
271
Let g(j) = j**3 - 3*j**2 + 38925*j + 194827. Calculate g(-5).
2
Let t(j) = 1064*j + 59672. What is t(-56)?
88
Let o(z) = 2*z**2 + 58*z + 1970. Give o(-26).
1814
Let h(z) = 6*z**3 + z**2 - 288*z + 169. Give h(-8).
-535
Let p(f) = 33*f**2 + 6517*f - 19518. Give p(3).
330
Let o(m) = -5114*m + 3175810. Give o(621).
16
Let j(k) = -24*k**2 + 1067*k - 8686. What is j(8)?
-1686
Let j(o) = -o**3 - 45*o**2 + 195*o + 7873. Give j(-41).
-6846
Let n(j) = 61823*j + 432753. Give n(-7).
-8
Let g(l) = -47*l**2 - 471*l - 18. Determine g(-10).
-8
Let o(y) = y**3 + 2*y**2 - 31*y - 711. Give o(0).
-711
Let w(b) = -b**3 + 740*b**2 - 65608*b - 321. What is w(103)?
-12
Let s(k) = -1038669*k + 11425365. Determine s(11).
6
Let y(w) = -2017796*w - 10088975. Determine y(-5).
5
Let k(i) = -2513*i + 170880. What is k(68)?
-4
Let t(q) = 2*q**2 + 46*q + 429. Calculate t(-22).
385
Let x(t) = -1607*t**2 + 109*t + 121. Determine x(-1).
-1595
Let y(r) = 8*r**2 - 212*r + 600. What is y(3)?
36
Let d(i) = -18*i**2 + 18152*i + 18153. Calculate d(-1).
-17
Let d(n) = -n**3 - 13*n**2 + 54*n + 695. Determine d(-13).
-7
Let c(z) = -12*z**3 + 99*z**2 + 22*z - 371. Give c(8).
-3
Let i(c) = 628*c - 435056. Give i(693).
148
Let j(r) = -r**3 - 12*r**2 - 12*r + 55. What is j(-9)?
-80
Let u(x) = 347553*x**2 - 1737763*x - 9. Calculate u(5).
1
Let z(s) = -s**3 - 145*s**2 + 2050*s - 596. Calculate z(-158).
36
Let n(q) = -5*q**2 + 348*q - 3072. Give n(9).
-345
Let q(u) = 7*u - 852. Determine q(69).
-369
Let m(w) = -2*w**3 - 288*w**2 + 1880*w - 468. Give m(6).
12
Let m(j) = -2*j**2 - 5666*j + 17025. What is m(3)?
9
Let z(m) = -m**3 + 9*m**2 + 8*m + 6480. What is z(0)?
6480
Let s(m) = 578519*m + 48595601. Give s(-84).
5
Let r(f) = f**3 - 28*f**2 - 73*f + 437. Calculate r(30).
47
Let f(t) = -177*t**2 + 126*t + 124. What is f(-1)?
-179
Let r(b) = -519940*b - 1039876. Calculate r(-2).
4
Let a(h) = h**3 + 24*h**2 + 67*h - 4. Give a(-6).
242
Let g(h) = -16*h**2 + 4660*h - 14954. Calculate g(288).
22
Let l(o) = -7*o**2 - 493*o + 154. What is l(-70)?
364
Let t(p) = -4*p**3 - 47*p**2 - 136*p + 13. Determine t(-7).
34
Let b(h) = 8997*h + 100813. Calculate b(-11).
1846
Let j(r) = -9*r**3 + 1612*r**2 - 306*r + 22738. Determine j(179).
5
Let t(u) = 4*u**2 + 2819*u - 14116. What is t(5)?
79
Let a(o) = 2118*o - 9794. Give a(5).
796
Let w(o) = o**3 - 37*o**2 + 103*o - 753. What is w(35)?
402
Let d(o) = 243*o + 7591. Calculate d(-26).
1273
Let j(w) = 63*w - 446. What is j(9)?
121
Let j(p) = -9*p**2 - 10*p - 21. Determine j(-3).
-72
Let v(a) = -a**2 - 16844*a + 540007. Determine v(32).
-25
Let d(u) = 2608983*u - 13044913. What is d(5)?
2
Let h(y) = -13*y - 746. Calculate h(-35).
-291
Let f(x) = -x**2 + 1044*x + 1267595. Calculate f(-719).
-2
Let r(o) = o**2 + 272*o + 1030. Calculate r(-10).
-1590
Let r(a) = 3*a**3 + 112*a**2 + 177*a + 186. Determine r(-36).
-1002
Let n(x) = -17*x**2 + 188*x - 145. Calculate n(12).
-337
Let f(s) = -s**2 + 2050*s + 235314. What is f(-109)?
-17
Let j(h) = 60*h**2 + 43*h + 123. Determine j(-2).
277
Let t(w) = -70*w**2 - 673*w + 3389. Determine t(5).
-1726
Let u(v) = 17*v**2 - 249*v + 127. Determine u(12).
-413
Let i(m) = -3*m**3 - 848*m**2 + 12771*m + 13. What is i(-297)?
13
Let f(c) = -144*c - 31266. Give f(-217).
-18
Let p(m) = 1277*m - 16806. Give p(13).
-205
Let t(o) = -o**2 - 310*o - 1501. Calculate t(-5).
24
Let q(d) = -7*d**2 - 275*d + 492. Give q(-41).
0
Let g(x) = 7884*x + 39592. Give g(-5).
172
Let o(p) = p**3 - 29*p**2 - 20712*p + 600661. What is o(29)?
13
Let s(g) = 2*g**3 - 90*g**2 + 97*g - 233. Determine s(44).
163
Let r(d) = -d**2 + 235*d - 3750. Determine r(17).
-44
Let a(u) = -242*u - 3630. What is a(-20)?
1210
Let i(y) = 7*y**3 - 151*y**2 + 131*y - 1099. Give i(21).
-112
Let x(z) = 78*z + 5413. What is x(-66)?
265
Let a(i) = 4*i**3 - 106*i**2 - 577*i + 15. Give a(31).
-574
Let z(n) = 6429*n + 552535. Calculate z(-86).
-359
Let k(f) = -f**3 - 48*f**2 + 984*f - 13455. Calculate k(-66).
9
Let x(w) = -w**2 + 27520*w + 137617. Give x(-5).
-8
Let n(t) = 24*t**2 - 173*t + 39. Determine n(7).
4
Let f(n) = -89*n**3 - 19*n**2 + 10*n - 17. Determine f(3).
-2561
Let m(w) = 14*w**2 + 1040*w - 664. Give m(-75).
86
Let s(c) = -9*c**2 + 4363*c + 49170. Determine s(-11).
88
Let q(g) = -2*g**3 - 2099*g**2 + 13650*g - 82360. Determine q(-1056).
8
Let b(x) = 1965*x - 41220. Give b(21).
45
Let y(u) = -2*u**2 + 537*u + 10073. Calculate y(286).
63
Let r(y) = 828*y + 576262. Give r(-696).
-26
Let i(c) = -c**3 + 16*c**2 + 10*c + 292. What is i(21)?
-1703
Let v(u) = -14051*u + 98352. What is v(7)?
-5
Let o(j) = -80803*j + 565616. Give o(7).
-5
Let f(c) = -375*c**3 - 16126*c**2 - 54*c - 662. Calculate f(-43).
-189
Let b(j) = 37*j**3 - 286*j**2 - 19*j - 13. What is b(7)?
-1469
Let k(u) = -114835*u - 918694. Calculate k(-8).
-14
Let y(b) = 27*b - 1689. Calculate y(12).
-1365
Let n(u) = -5*u**3 - 11*u**2 - 1277*u - 2520. Give n(-2).
30
Let g(t) = -t**2 - 633*t + 6691. Calculate g(11).
-393
Let r(i) = 19609*i + 6392585. What is r(-326)?
51
Let a(k) = k**2 - 497903*k + 3983182. What is a(8)?
22
Let d(z) = 49468*z + 692576. Determine d(-14).
24
Let t(c) = 10*c**3 + 3549*c**2 - 362*c - 2520. Calculate t(-355).
-35
Let j(o) = -11*o**3 - 24*o + 31. Calculate j(-3).
4